- 14*u + 179. Let m be g(-22). Suppose y - 3*h + 5*h - 5 = 0, -4*y = -5*h + 6. Calculate the greatest common divisor of y and m.
1
Let q = -17 + 19. Let x(o) = 2*o**3 + o**2 - 4*o - 1. Let u be x(q). Calculate the greatest common factor of 22 and u.
11
Let b(i) = 3*i**2 + 20*i - 20. Let p be b(-8). What is the greatest common divisor of p and 174?
6
Let c(t) = -43*t - 16. Let j be c(-2). Calculate the highest common factor of j and 10.
10
Let q(k) = 2*k**3 - k**2 + 16*k**3 + 2*k - 4*k**3 - 3*k. Let p be q(-1). Let h be p/2*(5 - 13). What is the highest common factor of h and 84?
28
Let w = -221 - -242. Suppose -4*z + 5*d + 21 = -28, 5*z - d - 35 = 0. What is the highest common factor of w and z?
3
Suppose 0 = -6*v + 2*v + 36. Let w = v + 31. Suppose 0 = 3*q - 4*q + 5. What is the highest common divisor of q and w?
5
Suppose 20 = 5*l + x + 4*x, 4*l - 15 = -5*x. Suppose 0 = -2*v + w + 36, l*v + w + 2*w = 112. What is the greatest common divisor of v and 4?
4
Suppose 10*u - 37 = 23. What is the greatest common factor of 84 and u?
6
Suppose -4*s = -2 - 2. Let p be s/3*(35 + -2). Let t be (1/(-5) - 1)/((-3)/((-2970)/(-12))). What is the highest common factor of p and t?
11
Suppose 25*o - 930 = 10*o. Calculate the highest common divisor of 2 and o.
2
Suppose 0 = 4*j - 9*j + 770. Let a be 837/(-15) - 4*2/(-10). Let c = a - -77. What is the greatest common divisor of j and c?
22
Let g(z) = 3*z**2 + 2*z - 5. Let b be g(3). Calculate the highest common factor of b and 98.
14
Let p be (4/(-10))/((-1)/10). Suppose 2*l - 2*g = 104, p*g + 22 = l - 42. Calculate the highest common factor of l and 16.
16
Let b be (-2)/(284/144 + -2) - 0. Suppose 13 = 5*k - 27. Calculate the greatest common divisor of b and k.
8
Let i(q) = q**3 - 3*q**2 - 7*q + 4. Let w be i(5). Let u(o) = -3 + 13*o - 11 + 12 - 7 + 4*o**2. Let p be u(-6). What is the greatest common factor of w and p?
19
Suppose -2*d = -1561 + 1393. Calculate the greatest common factor of d and 3192.
84
Let a(n) = 3*n**2 - 6*n - 1. Let d be a(-3). Calculate the highest common divisor of 12 and d.
4
Suppose 3*i - 12 = 0, -2*i = -g - 34 - 68. Let s = 95 + g. Calculate the greatest common factor of 5 and s.
1
Suppose -2*u + 255 = 3*u. Calculate the highest common divisor of 3 and u.
3
Let m = -18 - -30. Let k be 34/8 + 7/(-28). Suppose -2*z + 3*z = k. Calculate the greatest common factor of m and z.
4
Let a = 812 + -743. What is the highest common factor of a and 2208?
69
Suppose 5*l - 6*l + 86 = -d, 0 = -d + 3*l - 80. Let z be ((-12)/(-9))/(2/(-36)). Let r = z - d. What is the highest common factor of 26 and r?
13
Suppose 783 = 5*m + 123. Let a = m + -6. Calculate the highest common divisor of 18 and a.
18
Let o(k) = -2*k**2 - 14*k + 6. Let l be o(-7). Let w = -21 + l. Let p be (-555)/w + (0 - 1). Calculate the highest common factor of 4 and p.
4
Suppose 3*q - n + 6*n + 314 = 0, 3*n = -4*q - 437. Let s = q + 114. What is the highest common divisor of 17 and s?
1
Suppose 9*a = 12*a + 624. Let d be a/(-14) + 3/21. Calculate the highest common divisor of d and 10.
5
Let i = 2981 + -2980. Suppose -a + 4 = 3. What is the greatest common divisor of a and i?
1
Let h be 6/(-4)*98/21. Let b = 12 + h. Suppose b*v - 10 = 4*v. What is the greatest common factor of 70 and v?
10
Suppose -84 = -6*n + 2*n. Calculate the greatest common divisor of 189 and n.
21
Suppose -h = 7*h - 112. Let y = 6 + -2. Let p(u) = 4*u**2 + u + 2. Let l be p(y). Calculate the highest common factor of h and l.
14
Let a be 4/14 - 12/(-7). Suppose 395 = a*d - 1. Let o = 25 + -7. What is the highest common divisor of d and o?
18
Let r(s) = -3*s. Let u be r(-10). Let k be (1 - 178 - 3)/((-12)/16). What is the greatest common factor of k and u?
30
Let b = -12 + 14. Suppose 1 + 11 = 4*h + w, 5*h - 3*w - 32 = 0. Let x = h + -1. What is the greatest common factor of x and b?
1
Let d be (-27)/(-12)*(-32 - -164). Calculate the highest common factor of d and 27.
27
Let j = -2 + 4. Suppose j = 3*c + 2*w, -5*c + 5*w = -0*w - 45. Calculate the highest common factor of c and 6.
2
Let p be ((-110)/33 + 4)*(-87)/(-2). Calculate the greatest common factor of p and 87.
29
Let q = 21 + -8. Suppose 9*k - 3 = 816. Let c = k - -13. Calculate the highest common factor of c and q.
13
Let k = 2272 - 1575. Calculate the highest common divisor of k and 41.
41
Suppose 2765 = 22*m + 13*m. Calculate the highest common factor of 158 and m.
79
Suppose -m - 7*b + 6*b + 110 = 0, -3*b = -5*m + 550. What is the highest common divisor of m and 70?
10
Let u(z) = -z**3 - 11*z**2 - z - 8. Suppose 4*l - 3*l = -11. Let k be u(l). Let f be 336/20*20/k. Calculate the greatest common divisor of f and 14.
14
Let s(o) = 6*o. Let u be s(4). What is the greatest common factor of u and 108?
12
Let u(d) be the second derivative of d**3/6 + 2*d**2 - 9*d. Let g be u(2). What is the greatest common divisor of g and 30?
6
Suppose 4*z = -5*w - 1, -7*z + 7 = -3*z - 3*w. Let x be (-286)/132 - (-2)/12. Let y = x + 3. What is the highest common factor of y and z?
1
Let t be 63/((-2*(-6)/(-12))/(-1)). Calculate the greatest common factor of 231 and t.
21
Let f be 4*(4 + -9)/5. Let h = f + 8. What is the highest common factor of h and 12?
4
Let g be (0 - (-4)/(-6))/(28/(-1302)). Calculate the greatest common factor of g and 155.
31
Suppose 5*g = -5, n - 2*g = 3*n + 2. Suppose 2*h + 5*o = 172, h + o - 89 = -n*h. Let i be 987/h - 4/(-26). Calculate the greatest common factor of i and 33.
11
Let b(j) = -8*j - 1. Let v be b(-5). Suppose -101 = -2*a - 3*m, -a + m + 3*m + 56 = 0. Calculate the highest common divisor of v and a.
13
Let c(p) = 69*p - 35. Let m be c(17). Suppose -y - y + 466 = -2*o, 5*y + 4*o - m = 0. Calculate the highest common factor of y and 92.
46
Let r = 3698 - 1506. What is the greatest common factor of r and 16?
16
Suppose -2*k + 6*k + 2*o - 404 = 0, -12 = -3*o. Suppose 3*t + 0*i - 13 = 4*i, -5*i = t - 36. What is the highest common factor of k and t?
11
Let m be (-9)/24 + 51/8. Suppose 2*d - m*d + 300 = 0. Calculate the greatest common divisor of 30 and d.
15
Let t be (-168)/(-72)*(-3 + 0). Let u(s) = s**2 - 3*s - 16. Let y be u(t). What is the highest common divisor of y and 27?
27
Suppose -3*v = 9*v - 96. Let s = 34 - 22. What is the greatest common divisor of s and v?
4
Suppose 2*j + 46 = 3*j - x, 4*j + 5*x - 166 = 0. Suppose 3*s = s - r + 66, r + 33 = s. Calculate the greatest common divisor of s and j.
11
Let i = 43 + -41. Let s be 6/12*i/4*4. What is the highest common factor of 1 and s?
1
Let g(z) = -z**2 - 8*z + 4. Let q be g(-6). Let d(f) = 20*f**2 - f - 2. Let o be d(-2). Let a = o - 0. Calculate the highest common factor of a and q.
16
Let y(x) = x**3 - 3*x**2 + 8*x - 3. Let c be y(3). Suppose 3*a = -9 + c. Suppose 8*w = a*w + 220. Calculate the greatest common factor of w and 11.
11
Let h = 27 + -1. Let a be (-34)/2*(-7 + 8). Let m = 35 - a. What is the highest common factor of h and m?
26
Suppose -3*s = -n - 2 - 6, 3*s + 2*n = 2. Suppose -q = -2*c, -4*c + 28 = -q + 6*q. Suppose -8 = t - c*t. Calculate the highest common divisor of t and s.
2
Let w be 2 - (-7)/(-1)*-4. Suppose 6*x - 18 = w. Suppose p - x = -0. Calculate the greatest common divisor of 8 and p.
8
Let b be (-4 - 24)/7 + 149 + 0. Calculate the highest common factor of b and 116.
29
Let z(l) be the first derivative of -l**3/3 - 2*l**2 + 9*l + 4. Let k be z(-6). Let m be (-3)/(k - (-84)/32). Calculate the highest common factor of 32 and m.
8
Suppose 0*n = 4*n - 164. Suppose n*r - 54 = 38*r. What is the greatest common factor of 45 and r?
9
Suppose 799*q + 1463 = 810*q. Let v = 37 - 18. Calculate the highest common factor of v and q.
19
Let d be -1*4/(-3)*12. Suppose 3*y - 2*y - 80 = 0. What is the highest common factor of y and d?
16
Let q(n) = 20*n**2 - 22*n + 2. Let l be q(7). What is the highest common divisor of l and 46?
46
Let m(g) = -g**2 + 15*g - 22. Let h be m(9). Suppose 4 = -4*s, -2*s = -6*i + 2*i + 66. Calculate the highest common factor of i and h.
16
Suppose 3*u + 1584 = 9*u. Suppose z = t - u + 33, 3*t = -4*z + 714. Suppose -2*n + 52 = -0*n. Calculate the highest common factor of t and n.
26
Let g be 406/58 - (2 - 13). Suppose -4*o - 19 + 163 = 0. What is the highest common divisor of g and o?
18
Suppos